 -c**2 - 2*c + 3. Let r be w(-3). Let o(i) = -2 + r + 9*i - i**2 - 3 - i. Let l(f) = f**3 - 28*f**2 + 26*f + 34. Let t be l(27). Calculate o(t).
2
Let j(n) = n**2 - 7 - 2*n**2 + 71*n + 66*n - 138*n. Give j(7).
-63
Suppose -3*q = 2*b - 144, -4*b = q - 18 - 30. Let t(x) be the first derivative of 2*x**2 + q - 5*x - 73 + x + 37. Determine t(4).
12
Suppose 61*i = 57*i + 336. Suppose -96*t + 96 = -i*t. Let a(q) = -q**2 + 6*q + 9. What is a(t)?
-7
Let y(u) = 3*u**2 + 8*u - 5. Let r(h) = 4*h**2 + 9*h - 6. Let o(t) = 4*r(t) - 5*y(t). Suppose g + 6 - 3 = v, 4*v - 2*g - 14 = 0. What is o(v)?
1
Let m(s) = s**2 + 6*s. Let l(f) = -f**2 - 5*f + 8. Let y be l(-5). Let v be (-1)/(-2)*-5*y/(-10). Let q = -1 - v. What is m(q)?
-9
Let b(i) = i**3 + 27*i**2 + 50*i - 4. Let h be b(-25). Let z be (0 - (-1)/2*-6) + h. Let j(o) = -o**2 - 6*o + 5. Calculate j(z).
-2
Let i(u) be the second derivative of 0 - 4*u + u**3 - 1/2*u**2 - 1/6*u**4. Let v be 36/(-24) - ((-165)/(-6))/(-5). Calculate i(v).
-9
Let w(r) = -4*r**2 + 22*r + 9. Let m(x) = -12*x - 125. Let u be m(-11). Determine w(u).
-33
Let c = -10513 - -10532. Let m(l) = -l**2 + 18*l + 7. Give m(c).
-12
Let v(d) = 13*d - 14. Let m(j) = 8*j - 43. Let c be m(6). Let i(g) = 11*g - 13. Let u(q) = c*v(q) - 6*i(q). Determine u(0).
8
Let l(o) = 12*o - 11 + 6*o**2 - 18*o**2 + 3*o**3 - 2*o**3. Let h(y) = 4*y**2 + 3*y - 16. Let f be h(-3). Let t be l(f). Let a(p) = p**3 - 6. What is a(t)?
-6
Let p be (-1 + 4)/(49 - 50). Let j be (6/p)/(2/(-3)). Let b(h) = 2*h + 1 + 0*h**2 - 2 - 2*h**2 + h**3. Calculate b(j).
14
Let a(n) = -n**2 + 6*n - 16. Let t = 915 - 910. Determine a(t).
-11
Let z(r) = -4 + 16*r + 114 - 35 - 28. What is z(-5)?
-33
Let b(i) = -34*i + 1942. Let g be b(57). Let v(h) = h**2 - 4*h - 4. Determine v(g).
-4
Let m(d) be the first derivative of 7*d**2/2 - 19*d + 3598. What is m(5)?
16
Let u(m) be the third derivative of -m**5/20 - m**4/4 + 7*m**3/6 - 46*m**2 - 2*m. Give u(-4).
-17
Suppose -7*y - 40 = -2*y - 5*m, -3*y + 2*m = 23. Let f(d) = 53*d**2 - 3*d + 57*d**2 + d**3 - 103*d**2 - 10. Calculate f(y).
11
Let y(m) = -7*m**2 - 18*m + 29. Suppose -5*u - 5 = -30. Let v(q) = 9*q**2 + 20*q - 29. Let b(t) = u*y(t) + 4*v(t). Calculate b(7).
8
Let g(x) be the first derivative of 17*x**2/2 + 6*x - 3378. What is g(-1)?
-11
Let w(t) = 3*t**3 + 17*t**2 - 12*t - 24. Suppose 0 = -117*m - 39*m - 936. What is w(m)?
12
Let v be (20/(-50))/(((-5)/5)/(-10)). Let r(a) = 8 - a**3 - 19 - 3*a**2 + a + a. Let q be r(v). Let n(l) = 3*l + 3. Determine n(q).
-6
Let z(u) = -12*u + 828 - u**2 - 461 - 411. Let t be z(-6). Let h(q) = q**2 + 11*q + 3. Determine h(t).
-21
Let j(i) be the third derivative of i**6/180 + i**5/24 + i**4/12 - i**3/3 - i**2. Let y(x) be the first derivative of j(x). Let v = -433 + 430. Determine y(v).
5
Let g(r) = -r**3 - 8*r**2 - 6*r + 35. Suppose -46*d + 55*d + 54 = 0. What is g(d)?
-1
Let o(b) = 9*b. Let l be o(1). Let u(a) = 4*a**2 + 33*a + 183. Let r be u(-7). Let k be r/18 - 2/l. Let z(j) = j**3 - 9*j**2 + 8*j + 1. Calculate z(k).
1
Suppose -7*w = 5 - 75. Let z(k) = -14*k + w*k + k. Calculate z(-8).
24
Let u be 9 + (-17)/2 - (-3)/2. Let g(f) be the third derivative of -1/120*f**6 - 7/60*f**5 + 0*f - 10*f**u - 5/24*f**4 - 1/6*f**3 + 0. What is g(-6)?
-7
Suppose -198*l + 1054 + 134 = 0. Let f(i) = -2*i + 2. Let h = -7 + 2. Let p(u) = -4*u + 5. Let o(j) = h*f(j) + 3*p(j). Calculate o(l).
-7
Let i(a) = -3*a - 44. Let s be i(-16). Let l(u) = s*u**2 + 4*u + 3 - 351*u**3 - 355*u**3 + 707*u**3. What is l(-3)?
0
Suppose 0 = -104*y + 33*y - 568. Let v(b) be the first derivative of b**2/2 - 2*b + 44. Calculate v(y).
-10
Let a = 79 - 70. Let l(u) = -a*u + 4*u + 5*u + u + 4. Let z be 14/(-3) - 1/3. Give l(z).
-1
Let q(b) = -10*b**2 + 2*b - 1. Let o(c) = c**2 + 22*c + 59. Let k be (-666)/234 - 2/13. Let s be o(k). What is q(s)?
-37
Suppose 4*d + 44 = 72. Let t(x) = -2*x**2 - 4*x + 5. Let l(p) = -5*p**2 - 7*p + 9. Let n(c) = d*t(c) - 3*l(c). Suppose 17 = 3*a - 4*b, 4 = 3*b + 1. Give n(a).
8
Let w(s) = -2230912*s + 4*s**3 - 3*s**3 + 2230915*s - 2 - 5*s**2. Suppose 4*b + b = -5. Let j be 3*b*(-8)/6. Determine w(j).
-6
Suppose 26*k - 15*k - 59*k = -k. Let x(j) = 153*j. Determine x(k).
0
Let y(q) = 35 - 4461*q**2 - 2*q - 82 + 4460*q**2 + 10*q. What is y(7)?
-40
Suppose 397*z = 236*z. Let r(n) = -n**3 + n**2 - 7*n + 17. Let x(y) = 3*y**3 - 3*y**2 + 20*y - 51. Let m(f) = -17*r(f) - 6*x(f). Determine m(z).
17
Let u(n) = -n**3 - n**2 + n + 2. Let o(c) = 2*c**3 - c - 1. Let y(s) = -o(s) - u(s). Suppose -p - 2 = -1. What is y(p)?
1
Let l(b) be the first derivative of b**3/3 + 5*b**2/2 - 6*b - 558. Calculate l(-5).
-6
Let r(y) = -y**3 - 2*y**2 + 3*y - 10. Let z(x) = -x**3 - 3*x**2 + 3*x - 11. Let b be -2 + 6 + -1 + -8. Let o(c) = b*z(c) + 6*r(c). What is o(4)?
-9
Let l(j) be the third derivative of j**7/1260 - j**6/80 + 9*j**5/10 - 65*j**2. Let s(m) be the third derivative of l(m). Calculate s(6).
15
Let s be -8 + ((2 - 1) + -2 - -4). Let y be (-12 + 2)/(-1)*(-2)/s. Let p(a) = 10*a**3 - y*a**2 + 11*a**3 + 6*a + 2*a**3 - 24*a**3. Determine p(-5).
-5
Let b(l) = 7*l + 71. Let q(g) = 33*g + 343. Let m(k) = 14*b(k) - 3*q(k). Determine m(-26).
-9
Let i(u) be the third derivative of u**5/60 - 5*u**3/6 + 37*u**2. Calculate i(-3).
4
Let k(p) = 2*p + 26. Let t be k(-9). Let z(b) = -9*b**2 + b**3 - t*b + 320 - 636 + 302. Determine z(10).
6
Let o(l) = 17*l**3 - 19*l**2 + 271*l - 31. Let u(i) = -5*i**3 + 8*i**2 - 89*i + 10. Let b(q) = 2*o(q) + 7*u(q). Determine b(6).
-46
Let p = -9334 + 9327. Let r(l) = -5*l + 3. What is r(p)?
38
Let u(a) be the second derivative of 0 - 1/3*a**4 + 1/20*a**5 - 2*a**2 + 1/3*a**3 - 6*a. Suppose 79*h - 12 = 76*h. Determine u(h).
4
Let y(m) = -m + 12. Suppose 0 = 7*d + 28 - 98. Let u(a) = a**3 - 11*a**2 + 9*a + 16. Let n be u(d). What is y(n)?
6
Let k(g) = -2*g**3 - 8*g**2 + g - 1. Let b(j) = -12*j**3 - 43*j**2 + 4*j - 7. Let u(c) = -2*b(c) + 11*k(c). Give u(2).
17
Let d(m) = m**3 - 10*m**2 + 14*m + 19. Let p be d(8). Let n(a) = -57 + 12 - 2*a + p*a. Give n(0).
-45
Let q(p) = 23*p**3 - 25*p**2 - 4*p + 10. Let t(h) be the first derivative of 13*h**4/4 - 13*h**3/3 - h**2 + 4*h + 203. Let a(o) = 4*q(o) - 7*t(o). Give a(9).
-6
Let q be 3/(-2)*(-126)/(-27). Let a(m) = -9*m**2 - 3*m - 8. Suppose -8*c = -9*c + 4. Let j(b) = -5*b**2 - b - 4. Let z(p) = c*a(p) + q*j(p). What is z(-5)?
-4
Let b(t) = -t - 269. Let v(y) = -4*y - 1220. Let d(n) = -9*b(n) + 2*v(n). Give d(16).
-3
Suppose 0*l - 9*l + l = 0. Suppose 6*y - 3*y + 2*o = l, -2*y = -o. Suppose 0 = -2*d + s, d - 2*s - 2*s - 7 = y. Let i(p) = -p - 2. Calculate i(d).
-1
Let s(k) = 87*k - 65. Let y be s(5). Let l = y - 368. Let f(d) = -2*d**2 + 2*d. Give f(l).
-4
Let s(u) = -1 + u - 11*u - 19*u. Let p(y) = y**2 - 61*y + 509. Let l be p(10). Calculate s(l).
28
Let v be ((-18)/6)/((-1)/(-1)). Let m be v/(9/21) + 1. Let f(a) be the first derivative of -a**2/2 - 8*a + 1711. Determine f(m).
-2
Let x(i) = -10*i**2 + 4*i + 2. Let m = 6 - 2. Let p be (-1 - -1) + 612/(-204). Let d(n) = -11*n**2 + 5*n + 3. Let o(c) = m*x(c) + p*d(c). Give o(2).
-27
Let j(m) = 4 + 0*m**3 - m**2 - 3*m**2 + m - m**3. Let r be j(-4). Let o(d) be the first derivative of -d**3/3 - d + 12185. What is o(r)?
-1
Let a(l) = 11*l**2 - 151*l - 467. Let t(o) = 5*o**2 - 66*o - 233. Let g(y) = 6*a(y) - 13*t(y). What is g(43)?
12
Let y(h) = 2*h**2 - 10*h + 29. Let m(i) = -i**2 + 242*i - 1639. Let s be m(7). Calculate y(s).
41
Suppose -t = -0 - 2. Let f(d) = -1 + 2*d + 81407*d**2 - 2*d**3 - 81407*d**2. What is f(t)?
-13
Let p(q) = -113*q + 12523. Let o be p(111). Let a(u) = 5*u + 115. Calculate a(o).
15
Let d be 2/(-5) - ((-48)/(-30))/(-4). Suppose -2*x + 6 = -4*k, 2*x + x - 4*k - 1 = d. Let u(v) = -v**2 - 6*v - 1. Calculate u(x).
4
Suppose 0 = -2*t - 4*h - 12, 0*h - 28 = -4*t + 5*h. Let u(n) = -7*n + n + 9*n**2 - 12 - 8*n**t - 2*n. What is u(9)?
-3
Let o(m) = 49*m + 101. Suppose -107*j - 625 = -411. Determine o(j).
3
Let k = -3123 - -3119. Let d(v) = v**3 + 4*v**2 - 2*v - 6. What is d(k)?
2
Let o(f) = 3*f + 6 - 2 + 0 + 0. Suppose 2368 = -5*w - 4*s + 2333, 5*w - 5*s + 35 = 0. Calculate o(w).
-17
Let k(u) = 3*u**3 - 9*u + 8. Suppose 0 = -358*p + 347 + 11. Give k(p).
2
Let s be (-2)/((-1)/2*-1). Let d(b) = -4*b - 4*b**2 + 4